e
Is 18442 a composite number?
True
Is 297359 prime?
True
Is 2041 prime?
False
Is 2779921 prime?
False
Is 752083 a prime number?
True
Is 76441 a composite number?
False
Is 181693 prime?
True
Is 143386 composite?
True
Is 648607 a composite number?
False
Is 3433 a composite number?
False
Is 94513 composite?
False
Is 31957 a prime number?
True
Is 217871 a composite number?
True
Is 991777 a prime number?
True
Is 199829 a prime number?
False
Is 11507 a prime number?
False
Is 20249 a prime number?
True
Is 1657 a composite number?
False
Is 123653 prime?
True
Is 35515 a prime number?
False
Is 7431 a composite number?
True
Is 14503 composite?
False
Is 89926 prime?
False
Is 330787 a composite number?
False
Is 11467 a prime number?
True
Is 32531 a composite number?
False
Is 2991 a prime number?
False
Is 2713777 prime?
False
Is 6865 a composite number?
True
Is 231185 prime?
False
Is 122523 a composite number?
True
Is 170089 prime?
False
Is 58873 composite?
True
Is 31511 a prime number?
True
Is 33047 composite?
True
Is 2788889 prime?
True
Is 802631 a prime number?
False
Is 50539 composite?
False
Is 313211 prime?
True
Is 470037 composite?
True
Is 84503 a prime number?
True
Is 20395 a composite number?
True
Is 986869 a composite number?
True
Is 214603 composite?
False
Is 82781 a composite number?
False
Is 997331 a composite number?
True
Is 293 a prime number?
True
Is 45169 prime?
False
Is 240371 a composite number?
False
Is 172685 a composite number?
True
Is 22467 prime?
False
Is 14167 prime?
False
Is 3829 a composite number?
True
Is 19181 a composite number?
False
Is 51703 a composite number?
True
Is 24169 a composite number?
False
Is 223577 prime?
True
Is 639655 composite?
True
Is 1131857 a composite number?
False
Is 79571 a prime number?
False
Is 358165 a composite number?
True
Is 7753 prime?
True
Is 26879 prime?
True
Is 9227 a composite number?
False
Is 1333267 a prime number?
False
Is 28739 prime?
False
Is 578399 composite?
False
Is 163679 composite?
False
Is 13201 prime?
False
Is 1478249 prime?
False
Is 1043 a prime number?
False
Is 160229 a prime number?
False
Is 93659 a prime number?
False
Is 5939 a composite number?
False
Is 10079 composite?
False
Is 477471 a prime number?
False
Is 85793 a composite number?
False
Is 85637 prime?
False
Is 2329 a composite number?
True
Is 1361 a composite number?
False
Is 34735 a prime number?
False
Is 22531 composite?
False
Is 395377 a prime number?
True
Is 182411 composite?
True
Is 8501 a composite number?
False
Is 53731 prime?
True
Is 737329 prime?
False
Is 35491 composite?
False
Is 179161 a composite number?
False
Is 619241 a prime number?
False
Is 97871 composite?
False
Is 2899 a composite number?
True
Is 37087 composite?
False
Is 64499 a composite number?
False
Is 3299 a prime number?
True
Is 1170098 composite?
True
Is 2411 prime?
True
Is 213117 prime?
False
Is 175103 a composite number?
False
Is 1848545 a composite number?
True
Is 18181 composite?
False
Is 13751 a prime number?
True
Is 152363 a composite number?
False
Is 37705 a prime number?
False
Is 10454 a composite number?
True
Is 19259 a prime number?
True
Is 222329 a composite number?
False
Is 9923 prime?
True
Is 857447 a composite number?
True
Is 444229 a composite number?
True
Is 5879 composite?
False
Is 111317 prime?
True
Is 73939 prime?
True
Is 2579 a prime number?
True
Is 21139 a prime number?
True
Is 34621 composite?
True
Is 10123 a prime number?
False
Is 319469 a prime number?
True
Is 179499 composite?
True
Is 18481 prime?
True
Is 189229 composite?
False
Is 653083 composite?
False
Is 3795457 prime?
True
Is 21701 a composite number?
False
Is 82129 a composite number?
False
Is 162467 composite?
True
Is 2974 prime?
False
Is 167057 a prime number?
False
Is 679191 a composite number?
True
Is 7229 a prime number?
True
Is 7233 prime?
False
Is 5942 composite?
True
Is 179947 prime?
True
Is 18617 prime?
True
Is 22807 prime?
True
Is 5063 prime?
False
Is 59237 composite?
True
Is 50486 composite?
True
Is 22511 prime?
True
Is 2716073 a composite number?
True
Is 138707 composite?
True
Is 71701 a prime number?
False
Is 622201 a composite number?
True
Is 51703 a prime number?
False
Is 163531 prime?
False
Is 20329 a prime number?
False
Is 51369 a prime number?
False
Is 3607 prime?
True
Is 92033 a composite number?
False
Is 242971 composite?
False
Is 207286 prime?
False
Is 38953 prime?
True
Is 1817 a composite number?
True
Is 24337 prime?
True
Is 1514 composite?
True
Is 1388161 composite?
False
Is 144797 prime?
False
Is 96533 a prime number?
False
Is 38371 a prime number?
True
Is 46399 a prime number?
True
Is 96511 a composite number?
True
Is 574247 a composite number?
True
Is 689131 a prime number?
True
Is 30551 composite?
True
Is 1461454 a composite number?
True
Is 159 prime?
False
Is 88103 a composite number?
True
Is 13963 composite?
False
Is 1268989 composite?
True
Is 50723 composite?
False
Is 437111 a composite number?
False
Is 330557 prime?
True
Is 63398 a composite number?
True
Is 16301 composite?
False
Is 9493 composite?
True
Is 4063 prime?
False
Is 5729 a prime number?
False
Is 23813 prime?
True
Is 98663 a composite number?
False
Is 33477 a composite number?
True
Is 95369 prime?
True
Is 75011 prime?
True
Is 20063 a prime number?
True
Is 675733 a composite number?
True
Is 4159 a composite number?
False
Is 1404323 composite?
False
Is 297809 composite?
False
Is 8843 a prime number?
False
Is 26771 a prime number?
False
Is 592701 a prime number?
False
Is 249 composite?
True
Is 75323 composite?
False
Is 44941 composite?
True
Is 237539 a composite number?
True
Is 330637 a prime number?
False
Is 748571 a composite number?
True
Is 147161 composite?
True
Is 5189 composite?
False
Is 437363 prime?
True
Is 6207 prime?
False
Is 1009 a prime number?
True
Is 392845 a prime number?
False
Is 3834509 prime?
False
Is 7513 composite?
True
Is 149197 prime?
True
Is 5429 a prime number?
False
Is 60719 composite?
False
Is 73135 prime?
False
Is 124259 a composite number?
True
Is 34667 a composite number?
False
Is 125977 prime?
False
Is 1103087 prime?
True
Is 39651 composite?
True
Is 36589 prime?
False
Is 2287 a composite number?
False
Is 19385 prime?
False
Is 279187 prime?
True
Is 96821 a composite number?
False
Is 921 composite?
True
Is 514145 a prime number?
False
Is 248483 a prime number?
True
Is 5519 prime?
True
Is 833979 a prime number?
False
Is 190027 a prime number?
True
Is 229279 composite?
True
Is 24967 prime?
True
Is 522637 prime?
True
Is 98591 composite?
True
Is 629059 prime?
True
Is 91123 a prime number?
False
Is 74843 prime?
True
Is 115405 a composite number?
True
Is 10037 composite?
False
Is 1048417 a prime number?
False
Is 236261 prime?
True
Is 27883 composite?
False
Is 4373 a composite number?
False
Is 101497 a composite number?
True
Is 59867 prime?
False
Is 115727 a composite number?
False
Is 158266 a composite number?
True
Is 29695 a composite number?
True
Is 1934 a composite number?
True
Is 20179 prime?
False
Is 21763 a prime number?
False
Is 1031197 a composite number?
True
Is 1108309 prime?
False
Is 867143 prime?
True
Is 7751 a composite number?
True
Is 83717 a composite number?
False
Is 115189 a prime number?
False
Is 28723 prime?
True
Is 117563 composite?
False
Is 7291 a prime number?
False
Is 83095 composite?
True
Is 323335 prime?
False
Is 3841 prime?
False
Is 8999 a prime number?
True
Is 214433 a prime number?
True
Is 44519 prime?
True
Is 12134 prime?
False
Is 186551 prime?
True
Is 6163 a prime number?
True
Is 524897 a prime number?
False
Is 109023 prime?
False
Is 5513 prime?
False
Is 2415589 composite?
True
Is 424835 a composite number?
True
Is 84097 prime?
False
Is 203057 prime?
True
Is 1758901 composite?
True
Is 25073 a prime number?
True
Is 19403 prime?
True
Is 50843 prime?
False
Is 95671 a composite number?
True
Is 122707 composite?
True
Is 299603 a prime number?
True
Is 64103 a composite number?
True
Is 4727 a composite number?
True
Is 1334629 prime?
True
Is 127 a prime number?
True
Is 6787 composite?
True
Is 1549811 composite?
True
Is 26777 prime?
True
Is 14215 a prime number?
False
Is 456191 a composite number?
True
Is 10289 prime?
True
Is 193835 prime?
False
Is 168163 a composite number?
True
Is 251 prime?
True
Is 1763 composite?
True
Is 7115171